 d.
47
Let k = -5855 - -5978. Let y = 56 + -13. Calculate the remainder when k is divided by y.
37
Let n be (-11)/(-2) - (-14 - 348/(-24)). Suppose -k = -n*x + 95, 4*x - 5*k = 109 - 12. Calculate the remainder when 50 is divided by x.
14
Suppose -4*g + 9129 = 5*t, 0 = -4*g + 1209*t - 1210*t + 9093. Calculate the remainder when 2289 is divided by g.
18
Suppose -71 = 5*p - l + 21, 0 = l + 3. Let t(f) = -f**2 - 24*f - 45. Calculate the remainder when t(p) is divided by 28.
22
Let i(v) = 31*v**2 - 40*v - 13. What is the remainder when 69 is divided by i(2)?
7
Suppose -2*t + 2*z = 2*t - 68, 0 = 2*t - 3*z - 42. Let c be 1*(-31)/(7 - 8). Suppose 5*b = 189 + c. Calculate the remainder when b is divided by t.
14
Suppose -88*o - 287 = -79*o - 1718. Calculate the remainder when 557 is divided by o.
80
Let y = -921 - -985. Let r = -6 - -8. Suppose -2*q = 4*z - q - 55, r*z + 3*q = 35. What is the remainder when y is divided by z?
12
Suppose 0 = 176*r + 2002 - 4642. What is the remainder when 2560 is divided by r?
10
Let i be (-2 - -3)*626*(-2)/4. Let w = i + 587. What is the remainder when (w - 0)*-2*(-1)/4 is divided by 35?
32
Suppose 2226 = 53*m - 59*m. Let l = m + 524. What is the remainder when l is divided by 27?
18
Suppose -4*x = 5*j - 25, 4*x - 6 = -2*j + 16. Suppose 3*i - x*i = 504. Calculate the remainder when 124 is divided by (3*3/27)/((-4)/i).
19
Let h(a) = 11 + 4*a**2 - 9*a + 5 - 4. Suppose -5*y - 2*r = -15 + 3, -4 = -3*y - 2*r. Calculate the remainder when h(y) is divided by 9.
4
Suppose -2*x + 186 = 2*n, -n = -2*n - 2*x + 96. Let d = 116 + -174. Let r(u) = 7*u + 438. Calculate the remainder when n is divided by r(d).
26
Let x = 1353 + -1084. Calculate the remainder when x is divided by 129.
11
Suppose 5*m + 18 = 5*n + 498, -4*n = m - 71. Calculate the remainder when 288 is divided by m.
15
Suppose 6*b = 13*b - 21. Suppose b*p + 3*m = 36, -m = 3 - 2. Suppose 4*u + 5 = -4*s + 145, u + 2 = 0. Calculate the remainder when s is divided by p.
11
Let k(p) = p**2 - 19*p + 15. Let h be k(18). Let n be (-93)/(-5) - 2/(-5). Calculate the remainder when 33 is divided by n + (2 - (-12)/h).
16
Let i(j) = 31*j**2 + 30*j - 110. What is the remainder when i(3) is divided by 174?
85
Suppose -n + 3*u + 14 = 4*u, -3*u - 48 = -3*n. Let z be 4 + (1 + -1 - -3) + -1. Calculate the remainder when (649/(-33))/((-2)/z) is divided by n.
14
Let j be -4 - (0 + 2)/(25/50). What is the remainder when ((-12)/j)/((-39)/(-5902)) is divided by 73?
8
Let w = 9215 - 8410. Calculate the remainder when w is divided by 45.
40
Suppose 58*r + 3*i - 4 = 56*r, -2*i = -2*r + 14. Suppose -c - 4*g = -114, -g = -0*c + 4*c - 381. Calculate the remainder when c is divided by r.
4
Let d = 1 - 7. What is the remainder when ((-8)/d)/(1/84) is divided by -95*(-25)/(-625)*(20/4 - 10)?
17
Suppose -2*h = 5*l - 346 - 459, 4*l + 370 = h. What is the remainder when h is divided by 387?
3
Suppose 5*b + 12 = -13. Let a(v) = v**2 + 3*v - 3. Let f be a(b). Suppose q = f - 4. What is the remainder when q is divided by 3?
0
Let g be (0 - 4) + (-42)/(-7). Let x(a) = 0*a + 0 - 10*a + a**3 - 10*a**2 - 10*a + g. What is the remainder when x(12) is divided by 14?
8
Suppose -5*a - 4*y = -22, 3*a - 17 = -4*y + 1. Suppose 2*f = j - 28, -a*j + 20 = -2*f + 3*j. Let r = 14 - f. Calculate the remainder when r is divided by 11.
7
Suppose 2*z = 321 - 251. Suppose 10*c + z*c - 990 = 0. Calculate the remainder when 260 is divided by c.
18
Let i = 129 - 101. Suppose 2*h - i = -2*x, 5*x - 53 - 17 = 3*h. Calculate the remainder when (-1)/(-1)*(-78)/(-3) is divided by x.
12
Suppose -4*y + s = -3083, -2*y + 3*s - 573 = -2112. Calculate the remainder when y is divided by 190.
11
Suppose 0 = 8*z - 10*z - 240. Let m = z - -131. Calculate the remainder when 241 is divided by m.
10
Let s(y) = y**2 - 18*y - 64. Let k be s(26). Suppose 0 = d - 161 + k. Calculate the remainder when 133 is divided by d.
14
Let d(z) = 675*z - 4948. What is the remainder when d(9) is divided by 6?
5
Let h = -5646 - -8362. What is the remainder when h is divided by 68?
64
Let a(c) be the third derivative of -c**6/120 - c**5/60 + 13*c**4/24 + 29*c**3/6 + c**2 - 14*c. What is the remainder when 44 is divided by a(-3)?
4
Let j = 469 + -463. Suppose -x + 17 = 11*c - j*c, -4*x + 11 = c. Calculate the remainder when -1*(-1 - 2) - 1 is divided by x.
0
Suppose -41*j = -39*j - 10. Suppose -44*w = -j*w - 1443. What is the remainder when 58 is divided by w?
21
Suppose -5*d - 4*l + 1253 = -171, l - 566 = -2*d. Calculate the remainder when d is divided by 18.
10
Let p = 232 - 243. Let c = 119 + p. What is the remainder when c is divided by 57?
51
Let m = 131 - 126. Suppose 3*n + 2*s - 530 = 7*s, 5*n + 2*s - 904 = 0. Suppose 2*b + n = m*b. Calculate the remainder when b is divided by 21.
18
Let m(g) = 3*g - 26. Let c(i) = -2*i + 26. Let z(x) = -3*c(x) - 4*m(x). Let l be z(10). What is the remainder when 15 is divided by (-6)/24 + l/(-8)?
3
Suppose -7952 = 129*n - 170*n - 1843. What is the remainder when 439 is divided by n?
141
What is the remainder when (-47386693)/(-7544) + (-13)/(-8) + -2 is divided by 26?
15
Suppose 8*w = 5*w + 12. Suppose 4*o - w - 12 = 0. Suppose -5*d - o*f + 387 = 0, 5*d - f - 4*f = 405. What is the remainder when d is divided by 16?
15
Let d(u) = -22*u - 12. Let m(k) = 62*k + 690. What is the remainder when m(-6) is divided by d(-2)?
30
Let x(d) = -3*d**3 + 5*d**2 + 33*d + 107. Calculate the remainder when x(-7) is divided by 144.
142
Let c be 11*(-3 - 60/(-6)). Calculate the remainder when c/(-66)*-3*136/14 is divided by 22.
12
Let a(u) be the second derivative of 9*u**5/20 - u**4/12 - u**3/2 + 6*u**2 + 9*u - 4. Calculate the remainder when a(4) is divided by 94.
90
Let s(c) = 11*c**3 + c**2 + c - 2. Let u be s(2). Suppose -28*m + 384 = -u. Calculate the remainder when 252 is divided by m.
14
Suppose -2*f + f = 5*r - 57, -3*f + 231 = 3*r. Suppose 4*l = 5*z + f, 7*l + 109 = 12*l - 3*z. What is the remainder when 156 is divided by l?
18
Let b(w) = 12*w**2 + 2750*w - 8247. Let s(h) = 27*h**3 + 1. Calculate the remainder when b(3) is divided by s(1).
27
Suppose -5*f - 1755 = -5*o, -136*f = -5*o - 141*f + 1785. What is the remainder when o is divided by 90?
84
Suppose -5*z + 4*u + 19 = 10, 3*z = 2*u + 5. Calculate the remainder when (15/135 + (-304)/(-18))/z is divided by 6.
5
Suppose 5*c = -4*j + 793, -78*j + 475 = 3*c - 76*j. What is the remainder when 580 is divided by c?
109
Let b(j) = -j**3 + j**2 + 7*j + 2590. Calculate the remainder when b(0) is divided by 11.
5
Suppose -6*x + 0*x + 18 = 0. Suppose -3*o = 9, -8 = x*l + o - 26. Calculate the remainder when 27 is divided by l.
6
Let d = 15 + -4. Suppose -d*m = -0*m. Suppose 14*f - 15*f + 47 = m. Calculate the remainder when f is divided by 16.
15
Suppose 2*x = -5*m + 227, -5*x + 551 = -0*x - 4*m. Suppose -x*a = -99*a - 300. Calculate the remainder when 95 is divided by a.
20
Let v(m) = -21*m - 12409*m**2 + 6208*m**2 + 15 + 6203*m**2. Let q be ((-30)/4)/((-12)/16). What is the remainder when v(q) is divided by 5?
0
Let b(a) = 11*a**2 + 12*a + 36. Let t be b(-11). Suppose -3*z - 3*p - t = 667, -4*p - 3172 = 5*z. What is the remainder when (15/(-90))/(2/z) is divided by 12?
5
Suppose 0 = -3*i + 9, 5*b - 3*b + 5*i - 87 = 0. Suppose -j + 122 = -18. Calculate the remainder when j is divided by b.
32
Suppose 380 = 291*u - 287*u. Suppose -5*h - 6*s + 8*s + 115 = 0, -4*h + s = -u. Calculate the remainder when 423 is divided by h.
23
Let u = -30 + 63. Suppose -3*i = 3*l - u, 2*l + i = 2*i + 7. Suppose -l*j + 46 = -26. Calculate the remainder when j is divided by 4.
0
Let s = -57 - -52. Let i(v) = 2*v**3 + 11*v**2 + v + 2. Let f be i(s). Suppose d - 6 = -5*w + f, -3*d = 5*w - 44. What is the remainder when 39 is divided by d?
7
Let k be (60/(-21) - -2)*-28. Suppose -5*n + k = -2*y, -15 = -n - 3*n + 3*y. Let p = -309 - -361. Calculate the remainder when p is divided by n.
4
Let c be 3/7 - (0 - 2265/7). Suppose 0 = k - c + 296. What is the remainder when 138 is divided by k?
26
Let r(i) = -199*i - 1646. Calculate the remainder when 2027 is divided by r(-9).
142
Let a(p) = p**3 + p**2 - p + 5. Let b(w) = 248*w + 1576. What is the remainder when b(-6) is divided by a(0)?
3
What is the remainder when 19/(